x(-63) composite?
False
Suppose 0 = 27*q + 4302096 + 777144. Is (-3)/(5/(q/24)) composite?
False
Let y(i) = 8374*i**2 - 50*i + 65. Is y(-9) a composite number?
False
Is (170/(-150) - (-14)/105) + 59498 a composite number?
False
Is (2 + -95616)*(102/(-12) - -8) prime?
True
Let t(z) = 77*z - 118. Let k be t(-36). Let u = 6483 + k. Is u composite?
False
Let f = 3303 - -3104. Let l = -1236 + f. Is l prime?
True
Let y = 6894 + 18668. Is y composite?
True
Let t(g) = 7*g - 54. Let j be t(22). Let n be (-5)/((-20)/8)*j. Let m = n + -55. Is m a composite number?
True
Suppose 79*z - 47*z = 2793632. Is z composite?
True
Suppose 0 = 5*n - 5, m + n = 3*n + 1. Suppose -9*s + 24 = m*s. Is -6459*4/(-6)*1/s a prime number?
True
Suppose b = -b - 4*o, 5*b + 18 = -4*o. Suppose -5*j + 5640 = j. Is 4/3 - (3 + j/b) prime?
False
Let g = -68 - -281. Let r = g + 1588. Is r prime?
True
Let j(n) = 11*n**3 + 75*n**2 + 41*n - 116. Is j(19) composite?
True
Let s = -31 - -54. Let d = 19 - s. Let f(r) = -3*r**3 - 2*r**2 - r + 5. Is f(d) prime?
False
Let w = 1880 + -6149. Is (4/4)/((-1)/w) prime?
False
Let o(z) = -7*z**2 - 3*z - 5. Let w be o(-2). Let q be (-38855)/(-9) - (2 - (-48)/w). Is (4/4)/(-1 - (-4320)/q) a composite number?
False
Suppose -4*s + 1 = 5. Let b be (1 - (-49 - 0))*s. Let j = b + 309. Is j a prime number?
False
Let h = 10861 + -6284. Is h prime?
False
Suppose -5 = 5*p - 30. Suppose -p*m + 4042 = -3*s, 4*m = -s + 1820 + 1417. Is m a prime number?
True
Let y be (243/(-54))/(3/(-6)). Suppose y*j - 68032 = -23*j. Is j a composite number?
True
Suppose -82 = -5*o - 4*g, 6*o - 5*o = -3*g + 12. Is (-3)/((-36)/86840) + 6/o composite?
False
Suppose -2*o + 3*t + 1154617 = 0, 10*t = 3*o + 12*t - 1731919. Is o prime?
True
Suppose -19*w - 492762 = -25*w. Is w composite?
True
Let b(z) be the second derivative of -4357*z**3/6 - 149*z**2/2 - 6*z + 2. Is b(-4) prime?
False
Suppose -c = -2*u + 82713, 24*u - 29*u + 206784 = -c. Is u a prime number?
True
Let f be (104/(-120))/(1/(-18))*5. Let a = 69 - f. Let l(c) = -5*c**3 + 6*c**2 + 14*c + 34. Is l(a) prime?
False
Let m be (-10694)/14 - (-6)/(-42). Let n = 1083 + m. Is n prime?
False
Suppose -23*z + 3*z - 102700 = 0. Let a = z - -12496. Is a prime?
False
Let v = 487856 + -157735. Is v a composite number?
True
Let q be (-4944)/(-45) - 16/(-120). Suppose q = 4*f + f. Suppose 104 - f = m. Is m a prime number?
False
Let y be (154/42 - 4)*-33. Suppose -45353 = -2*q + 5*p, 3*q + q - p - 90751 = 0. Suppose -q = 2*h - y*h. Is h a prime number?
True
Suppose u - 5 = -q, 5*q - 17 = u + 2*u. Let b be 322 - q - (-3 + 0). Suppose 464 = 3*i + 4*p - 2*p, p + b = 2*i. Is i composite?
True
Is (-62526765)/(-105) - (-1 + 13) prime?
True
Let p be (1/(-3))/((-6)/170928). Let u = -5447 + p. Is u composite?
False
Let w(d) = -17*d**3 - 40*d**2 + 29*d + 85. Is w(-24) composite?
True
Suppose 0 = -4*d + v + 22150 + 11848, 5*d = v + 42499. Is d composite?
False
Let f(j) = 158492*j - 1851. Is f(7) prime?
True
Is ((-1083)/(3 - 60))/(16708/16706 - 1) prime?
False
Let s = -1178 - -2618. Let x be ((-21)/14)/(6/(-8)). Suppose 5*q - 2249 = -x*c + s, -q = -2*c + 3695. Is c a composite number?
False
Is (4/3)/((-1120)/(-615801480)) prime?
True
Let f be 45/12*(-840)/(-18). Let y = -62 + f. Is y a composite number?
False
Is (-2 + 5 - (-90584)/5)/(21/105) prime?
True
Let y(x) = -2*x**3 + 68*x**2 - 103*x + 12. Is y(19) prime?
False
Is 590/(-120) + 5 + (-643170)/(-72) a prime number?
True
Suppose -4*l - 5*d + 81 = 9, 2*d - 54 = -3*l. Let z(j) = -j**3 + 21*j**2 + 33*j - 1. Is z(l) a composite number?
True
Let c(u) = -u**3 - 6*u**2 + 16*u - 5. Let f be c(-9). Suppose 4*i + i = 0, 2*p - f = 5*i. Is p composite?
False
Let o = -52791 + 89977. Is o a composite number?
True
Suppose -3*b + 0*v + 44383 = -4*v, 3*v = -5*b + 73933. Is b a composite number?
True
Suppose 151*c = 169*c - 892548. Is c prime?
False
Let w(i) = 49*i**2 - 76*i - 119. Is w(-20) a prime number?
True
Suppose -14*r + 18*r - 24 = -4*g, g - r - 16 = 0. Suppose 10067 = 3*a - 9*m + g*m, 0 = -a + 2*m + 3345. Is a a prime number?
False
Let s = 1127736 - 643429. Is s a prime number?
False
Let l = -9798 + 18258. Suppose o - 5*u = 2124, 0*o - 2*u = -4*o + l. Suppose 4*y = 6*y - o. Is y composite?
True
Let h(p) be the third derivative of -p**6/6 - 11*p**5/60 - 7*p**4/12 - 20*p**3/3 - 38*p**2. Let y be h(-7). Let u = y + -3800. Is u composite?
False
Let g = 366 - 364. Suppose z - i - 626 = 0, -4*i + i - 1247 = -g*z. Is z a composite number?
False
Suppose -5*g = 5*w + 60, 3*g = 4*g + 5. Let l = 7 + w. Suppose l = y - 0*y + 4*i - 461, i = -5. Is y a composite number?
True
Suppose -5*f - 21 = -41. Suppose -f*i - 24 = -10*i. Suppose 236 = z + o, -5*z - 5*o + i*o + 1184 = 0. Is z a prime number?
False
Let g(f) = -23558*f**3 - 30*f**2 - 69*f - 11. Is g(-4) composite?
True
Let u = 282351 - 153802. Is u prime?
True
Let j = -86183 + 277182. Is j composite?
True
Is 136/476 - (-199398)/14 prime?
True
Suppose -o - 5*a = -2 + 5, 5*o + a = 81. Let m be (-1 - 102)*13/(52/(-8)). Let f = m + o. Is f a prime number?
True
Suppose 901 + 1163 = 4*m + 4*x, -3*m - 2*x + 1546 = 0. Suppose 2*a - o - m = 0, 5*a + 17*o - 22*o - 1285 = 0. Is a composite?
False
Let i(r) be the second derivative of -3*r**5/20 - 21*r**4/4 - 7*r**3/2 + 77*r**2/2 + 29*r - 3. Is i(-32) a composite number?
True
Let d(j) = 277*j - 199. Let p(r) = -139*r + 101. Let g(t) = -4*d(t) - 7*p(t). Is g(-20) a composite number?
False
Let v = 18 + -30. Let p(a) = -3*a**3 + 4*a - 3. Let y be p(1). Is (-1815)/y - v/(-24) a prime number?
True
Let p(u) = -u**3 + u**2 + u + 6. Suppose -9*m + 4*m = 0. Let g be p(m). Is 4/(-6) - (-8278)/g a composite number?
True
Let d(c) = -68*c + 9155. Is d(-16) a composite number?
False
Suppose -2267894 = -18*q - 604352 + 1056636. Is q a prime number?
True
Let z = 164 + -169. Let m(w) = -116*w**3 + 3*w**2 - 13*w - 7. Is m(z) prime?
True
Suppose 0 = -5*q, 5*a + 4*q + 20 = 6*q. Let t(y) = -79*y**3 + 9*y**2 + 44*y + 9. Is t(a) prime?
False
Suppose 8*k + 0 - 24 = 0. Suppose 2*w + k*p = 4043, -5*p = w - 0*p - 2032. Is w prime?
True
Let u(h) = 104*h**2 + 7*h - 8. Suppose -2*d = n + d, 2*d + 34 = 5*n. Is u(n) a prime number?
False
Is -20 + (17791 - (-6 + -6)) a composite number?
False
Let o(a) = -a**3 + 155*a + 1 - 2*a**2 + 150*a - 302*a. Is o(-9) a composite number?
False
Let d(c) = -4*c + 19. Let n be d(19). Let s = n + 1625. Suppose 3*g = -p + 1170, -4*g + 2*p = 6*p - s. Is g prime?
True
Let c = -517333 - -751374. Is c a prime number?
False
Suppose -y = -5*n - 27, -5*y + y = 5*n - 33. Let i(a) = -4 - 11 + 163*a - y. Is i(8) a prime number?
True
Is 43 + -33 - (-44345 - -4) a composite number?
False
Let n(d) = 133*d**2 - 35*d + 8715. Is n(-119) composite?
True
Suppose -29*z + 42 = -26*z. Suppose z*x - 2*x - 71052 = 0. Is x prime?
False
Let s be (3/(-5))/(3/(-15)). Suppose a - 2668 = -s*a. Let r = -290 + a. Is r composite?
True
Is (2 - (-3 + (-137572)/8))/(2/4) composite?
False
Suppose 11508 = 6*t - 11574. Is t prime?
True
Suppose 0*a = 2*a + a. Suppose 5 = -a*q + q. Suppose -1426 = -i + 3*m, -4383 = -q*i + 3*m + 2735. Is i a prime number?
True
Let y = 673 - 638. Is (-1)/7 - (-412690)/y prime?
False
Suppose v + 24371 = -116. Is v/(-4) + (-7)/(-28) prime?
False
Let y = -14480 + 25817. Suppose 7*l - 1844 = y. Is l a prime number?
False
Let q(l) = 2*l**2 + 13*l + 13. Let b be q(-6). Let d(o) = 8*o**3 - 8*o**2 + 22*o - 9. Is d(b) composite?
True
Let y = 71 - 67. Suppose -3*f + 8*f + 5025 = y*l, -4*l = -4*f - 5024. Is l composite?
True
Let k be 6/(-15) + 924/(-15). Let s = 71 + k. Is ((-6414)/s + 3)*6/(-2) composite?
False
Suppose 4*o - 7*o - 2*w + 739 = 0, 2*w = 3*o - 731. Let a(i) = 4*i - 88. Let s be a(0). Let l = s + o. Is l prime?
True
Let o(j) be the third derivative of 7*j**5/3 + 19*j**4/24 - 13*j**3/3 - 86*j**2. Is o(-9) composite?
True
Suppose -7*q = 11*q - 607517 - 10355257. Is q a prime number?
True
Let n(k) = k**3 + 2*k + 413. Suppose 5*u - 4 = 7*u. Let y(x) = 5*x**3 + 11*x + 2064. Let p(q) = u*y(q) + 11*n(q). Is p(0) composite?
True
Suppose -7*n + 9*n = 2. Let z be 382/n - 24/(-12). Let k = z - 197. Is k a prime number?
False
Let b = -66688 + 158525. Is b a prime number?
True
Let g = -1361229 - -2089598. Is g a prime number?
True
Let k(i) be the se